 + 5. Let j be y(4). Suppose 897 = 5*q + p, -491 = -2*q - 4*p - j. What is the units digit of q?
9
Let g(r) = 9*r**2 + 12*r + 98. What is the units digit of g(-20)?
8
Let m(b) = -15 + 978*b**2 - 984*b**2 - b**3 - 2*b - 6 + 4. What is the units digit of m(-7)?
6
Suppose -c = 2*v + 2, c + 8*v = 5*v - 4. Let m be (-6)/c - -3*2. Suppose 0 = 7*o - m*o - 156. What is the tens digit of o?
3
Let b be 17*(-3 - -4)*1. Suppose -2*x - 8 = c, -3*x + 3*c - b + 5 = 0. Let l(t) = -t**3 - 3*t**2 - 5*t + 2. What is the tens digit of l(x)?
3
Let w = 1 - -11. Let q be w/2*(-10)/(-3). Suppose -135 = -5*l - q. What is the units digit of l?
3
What is the units digit of ((-1996)/(-2))/(17*15/765)?
4
Let u = -399 + 838. What is the tens digit of u?
3
Let d be (-5 - -2)*497/7. Let m = -133 - d. What is the tens digit of m?
8
Let c(h) = 12*h + 458. What is the units digit of c(0)?
8
Let a be 180 - 3/(2/2). Suppose j - k - 64 = -4*k, -4*k + a = 3*j. What is the tens digit of j?
5
Let u = -97 - -175. Let h = -44 + u. What is the tens digit of h?
3
Let d be ((-178)/(-4))/((-6)/(-72)). Let k be (6 - 4) + (13 - 0). What is the units digit of d/k + 2/5?
6
Let q = -1374 - -1659. What is the hundreds digit of q?
2
Let g(i) = -3*i - 22. Let n be g(-7). Let y = n + 42. What is the tens digit of y?
4
Let q(h) = 88*h**3. Let j be q(1). Let i = 149 - j. What is the tens digit of i?
6
Let r(q) = 38*q**2 - 7*q - 79. What is the hundreds digit of r(7)?
7
Suppose 2*s = -p - 2*s - 6, -3*p = 5*s - 3. Suppose -8*f + p*f + 30 = 0. What is the units digit of f?
5
Let b = 4195 + -1621. What is the hundreds digit of b?
5
Let q be 2 + 0/3 - (-292 - 1). Suppose 3*j + 13 = -5*y + q, -4*j + 353 = -y. What is the units digit of j?
9
Let g = 240 - 180. What is the tens digit of g?
6
Let x = 270 + -479. Let n = 383 + x. What is the units digit of n?
4
Let u = -221 + 166. Suppose -i + 4*i = 99. What is the units digit of i/u + 203/5?
0
Let d(f) = f + 8. Let x be d(-5). Let b = x - 0. What is the tens digit of (-570)/(-20) - b/(-2)?
3
Let h be (-60)/(-16) - 6/(-24). Let d be (-1 - (1 + -3)) + 12. Suppose 5*c + 0*p + h*p = 92, c - p = d. What is the tens digit of c?
1
Let a = 296 + -188. Let y = a + 9. What is the hundreds digit of y?
1
Suppose 13*n - 11949 = -8*n. What is the hundreds digit of n?
5
Suppose 4*c - 4 = 4*h, 2*c - 26 = -3*h - h. Suppose -5*d + 148 = 4*g - 167, 4*d = c*g + 293. What is the units digit of d?
7
Let k be -3 + 3 + 8 + -4. Suppose 4*x - 268 = -k*y, -y = x + 2*x - 57. Suppose -2*q = 2*f - y, -6*f + 3*q + 188 = -f. What is the tens digit of f?
3
Let u(k) = k**2 + 5*k - 1. Suppose 13 - 61 = 6*q. What is the units digit of u(q)?
3
Suppose 2*o - 3371 = -h, -h - 540 = 3*o - 5594. What is the hundreds digit of o?
6
Let w = 35 - 12. Let u = w - 30. What is the units digit of u*(64/28)/(-2)?
8
Let o(h) = -3 + 1 - h + 0*h. Let w be o(-4). What is the units digit of 33 + 2*(-1)/w?
2
What is the hundreds digit of (-1874)/(-13) - ((-41)/(-13) - 3)?
1
Let x be -2*2*395/(-10). Let n = x + -101. What is the units digit of n?
7
Let t(z) = 2*z**3 - 11*z**2 - 4*z - 47. What is the hundreds digit of t(12)?
7
Suppose 4*w = 4*l - 100, 4*w - 4 = -5*l + 85. Let j = l + -16. Suppose 0 = -j*b + 3*b + 44. What is the units digit of b?
2
What is the tens digit of (165/(-10))/11*-14?
2
Let h(r) = r**3 + 7*r**2 - 21*r - 18. What is the units digit of h(-8)?
6
Let r(i) = i**3 + 8*i**2 - 10*i - 12. Let m be r(-9). Let c be 30/(-45) + (-239)/m. Suppose 0 = -4*a + b + 70, -b - 8 - c = -5*a. What is the units digit of a?
7
Suppose -48*n + 24702 = -14370. What is the tens digit of n?
1
Let v be (3/4)/((-2)/(-48)). Suppose 50 - v = -8*t. Let q = t - -19. What is the units digit of q?
5
Let u be 49 - (-3 - 0) - -1. Suppose 6*c = 5*c + u. What is the units digit of c?
3
Let d = -1758 + 3725. What is the units digit of d?
7
Let l be (-1 - 5)*154/(-21). Let a = l - 28. What is the tens digit of a?
1
Let b = -4 - -8. Suppose 0*w + 23 = 3*v - 4*w, 0 = 2*v - w - 17. What is the units digit of 46 - v/(-3) - b?
5
Suppose 3 = k, 4*k - 17 = -4*q + 7. Suppose 633 = 6*t + q. What is the units digit of t?
5
Let z(y) = -89*y. Let l(j) = -90*j. Let h(g) = -3*l(g) + 4*z(g). Let t be h(-1). Suppose 4 = 2*m, 2*m + t = 5*v - 0*m. What is the tens digit of v?
1
Suppose -5 = -3*u + 8*u. Let s be 21*(u - -5 - 3). Suppose s = 2*b - 61. What is the tens digit of b?
4
Suppose -f - 7*v = -12*v - 4713, -3*v = f - 4745. What is the hundreds digit of f?
7
Suppose -3*h + 4153 = 4*p, -5*p - 5*h = -h - 5192. What is the units digit of (6/(-21))/((-4)/p)?
4
Let p = 141 + -41. What is the tens digit of (-4)/(-80)*5*p?
2
Suppose -3*x - s - 171 = -0*x, 2*x + 121 = -3*s. Let n = 107 + x. Let j = 79 - n. What is the units digit of j?
8
Let p be 5 + -12 + 3 - -86. Suppose 58 = 5*a - p. What is the units digit of a?
8
Suppose -5*d - 290 - 205 = 0. Let v = 243 + d. What is the units digit of v?
4
Suppose 0 = d - 10 + 8. Suppose -3*b + d*t + 18 = 0, -b + 6*b + t - 17 = 0. What is the units digit of b?
4
Let o(b) = 36*b**2 + 9*b + 20. What is the units digit of o(-4)?
0
Let b = -137 - -138. What is the units digit of (54/(-4))/(b/(-12))?
2
Let v(q) = -53*q**3 + q + 1. Suppose p + 3*y - 14 = 0, -5*p + 0*p - 30 = -5*y. What is the tens digit of v(p)?
5
Let z(t) = 4*t**2 - t + 1. Let h be z(1). Suppose -7*l - 5*o - 475 = -12*l, 0 = -3*l - h*o + 250. What is the units digit of l?
0
Suppose 0 = a - 5*r + 12, 5*a - 2*r - 3*r + 20 = 0. Let l = 6 + a. Suppose b + l = 13. What is the units digit of b?
9
Suppose -6 = 10*u + 4. What is the hundreds digit of ((-1)/(5/605))/u?
1
Let q(c) = 4*c**3 - 3*c**2 - 1. Let v be q(3). Let w be v/(-14) + (-2)/7. What is the units digit of (w/(-4))/((-2)/(-4))?
3
Let t(k) = -154*k**2 + k - 2. Let z be t(1). Let g = -2 - z. What is the units digit of g?
3
Let l(z) = -1. Let s(t) = 2*t - 7. Let o be s(4). Let r(u) = -u + 8. Let k(j) = o*r(j) + 6*l(j). What is the tens digit of k(-9)?
1
Suppose 5*m - 3*u = 32, -4*m - 4*u = -0*m. Let s = 50 + m. What is the units digit of s?
4
Suppose 5*b - 344 - 81 = 0. Suppose -2*a - 121 = -3*q, -q + b = -2*a - 30. What is the tens digit of ((-12)/16)/(1/a)?
4
Let c be 4 - (2 + -1 - 1). Suppose -c*g + 0*g + 29 = 3*h, g - 5*h - 36 = 0. What is the units digit of g?
1
Suppose 2*f - 4 = -2*f. Let c be (2 + 0 + -3)*f. What is the tens digit of (5 + -8)/(c/6)?
1
Suppose -2*n = -3*r - 964, 0 = 3*n - 5*r - 343 - 1105. What is the tens digit of n?
7
Suppose 4 = -5*v + 14. Let y = v - -25. What is the units digit of y?
7
Let d be (-4)/22 + 184/44 + -4. Suppose 0*v + v - 1 = 0. What is the units digit of 5 + v + -3 + d?
3
Let h(k) = k**3 - k**2 - 7*k + 2. Let l be h(5). Suppose 0 = d + l - 181. What is the units digit of d?
4
Let d(c) = -c**3 - 8*c**2 - 6*c + 7. Let x be d(-7). Let l(n) = -n - 10. Let y be l(x). Let z(q) = -q + 4. What is the units digit of z(y)?
4
Let r(t) = -3*t**2 - 3*t - 1. Let u be r(-2). Let d = u - -16. Suppose 0 = -13*g + d*g + 248. What is the units digit of g?
2
Suppose 0 = -y + 5*u + 43, 4*y - 4*u - 156 = -0*u. Let w = y - 27. What is the units digit of w?
1
Let y = -1637 - -1724. What is the tens digit of y?
8
Let t = -64 - -62. What is the units digit of (-45)/6*t - 21/7?
2
Let d(g) = 14*g**2 - 23*g - 88. What is the units digit of d(13)?
9
Suppose -i - 3*l + 45 = 0, 0 = 4*i - 9*i + 4*l + 206. Suppose 0 = 2*v + 2*u - i, 2*v - 40 = -0*v - 3*u. What is the units digit of v?
3
What is the tens digit of 168 - (315/(-7))/9?
7
Let j = 122 + -82. What is the units digit of (-5)/j - 6483/(-24)?
0
What is the tens digit of (-3 + 1)*6579/(-34)?
8
Let i = -167 + 1037. What is the hundreds digit of i?
8
What is the units digit of ((-312)/10 - 0)*(-1450)/435?
4
Let t = -6448 - -14224. What is the units digit of t/45 - (-8)/(-10)?
2
Suppose 5*f - y = -1 - 37, 3*y - 30 = 3*f. Let h(d) = -d - 6. Let j be h(f). What is the units digit of (-2 - -4) + j - -30?
3
Let c(k) = -32*k - 119. What is the units digit of c(-6)?
3
Let b be 0 - 1 - (0 - 63). What is the tens digit of b + 5 + 3 - 2?
6
Suppose -4*a = 3*x - 1921, 4*x - 2385 = -4*a - 465. What is the units digit of a?
1
Let z = -636 + 642. What is the units digit of z?
6
Let k be ((-2)/5)/(3/45). Let j(d) = -23*d + 9. Let v(x) = 15*x - 6. Let 